{"id":381,"date":"2020-03-22T08:56:29","date_gmt":"2020-03-22T08:56:29","guid":{"rendered":"http:\/\/florieteller.com\/bribes\/?page_id=381"},"modified":"2021-07-17T13:33:29","modified_gmt":"2021-07-17T13:33:29","slug":"categories","status":"publish","type":"page","link":"https:\/\/florieteller.com\/bribes\/categories\/","title":{"rendered":"Cat\u00e9gories"},"content":{"rendered":"\n<p>Depuis la page d&rsquo;accueil, vous pouvez d\u00e9couvrir les bribes dans l&rsquo;ordre chronologique: elles y sont m\u00e9lang\u00e9es dans un joyeux bazar pour un aper\u00e7u de ce qui me traverse l&rsquo;esprit au fil du temps.<\/p>\n\n\n\n<p>Mais vous pouvez d\u00e9couvrir les bribes en fonction de leur type (<em>cat\u00e9gorie<\/em>) ou de leurs th\u00e8mes \/ projets associ\u00e9s (<em>tag<\/em>) si vous pr\u00e9f\u00e9rez mettre un peu d&rsquo;ordre dans tout \u00e7a. <\/p>\n\n\n\n<div class=\"wp-block-image imgctr\"><figure class=\"aligncenter\"><img loading=\"lazy\" width=\"10\" height=\"20\" src=\"https:\/\/florieteller.com\/bribes\/wp-content\/uploads\/sites\/4\/2020\/03\/logo-trinoirs.png\" alt=\"\" class=\"wp-image-157\"\/><\/figure><\/div>\n\n\n\n<h2>Cat\u00e9gories de bribes<\/h2>\n\n\n\n<ul><li><a rel=\"noreferrer noopener\" aria-label=\"Notes (s\u2019ouvre dans un nouvel onglet)\" href=\"https:\/\/florieteller.com\/bribes\/category\/notes\/\" target=\"_blank\"><strong>Notes<\/strong><\/a> \u2013 Ce sont les petits mots de ma part \u00e0 votre intention : les informations, m\u00e9mos, pr\u00e9sentations de projets ou s\u00e9ries&#8230;<\/li><li><a rel=\"noreferrer noopener\" aria-label=\"Br\u00e8ves (s\u2019ouvre dans un nouvel onglet)\" href=\"https:\/\/florieteller.com\/bribes\/category\/breves\/\" target=\"_blank\"><strong>Br\u00e8ves<\/strong><\/a><strong> <\/strong>\u2013 Ce sont des billets d&rsquo;humeur, pens\u00e9es autour d&rsquo;un th\u00e8me ou r\u00e9flexions brutes en pr\u00e9lude \u00e0 des contenus plus aboutis (en podcast par exemple)<\/li><li><a rel=\"noreferrer noopener\" aria-label=\"Sc\u00e8nes (s\u2019ouvre dans un nouvel onglet)\" href=\"https:\/\/florieteller.com\/bribes\/category\/scenes\/\" target=\"_blank\"><strong>Sc\u00e8nes<\/strong><\/a><strong> <\/strong>\u2013 Courts billets de non-fiction cr\u00e9ative : sc\u00e8nes de vie, observations, images cont\u00e9es avec une d\u00e9marche cr\u00e9ative&#8230;<\/li><li><a rel=\"noreferrer noopener\" aria-label=\"Listes (s\u2019ouvre dans un nouvel onglet)\" href=\"https:\/\/florieteller.com\/bribes\/category\/listes\/\" target=\"_blank\"><strong>Listes<\/strong><\/a><strong> <\/strong>\u2013 Listes cr\u00e9atives \u00e0 th\u00e8me, plus ou moins r\u00e9alistes ou farfelues&#8230;<\/li><li><a rel=\"noreferrer noopener\" aria-label=\"Po\u00e8mes (s\u2019ouvre dans un nouvel onglet)\" href=\"https:\/\/florieteller.com\/bribes\/category\/poemes\/\" target=\"_blank\"><strong>Po\u00e8mes<\/strong><\/a><strong> <\/strong>\u2013 La cr\u00e9ativit\u00e9 en vers : je pratique essentiellement le haiku, po\u00e8me court japonais, mais j&rsquo;explore d&rsquo;autres formes de po\u00e9sie avec le temps&#8230;<\/li><li><a rel=\"noreferrer noopener\" aria-label=\"Microfiction (s\u2019ouvre dans un nouvel onglet)\" href=\"https:\/\/florieteller.com\/bribes\/category\/microfiction\/\" target=\"_blank\"><strong>Microfiction<\/strong><\/a><strong> <\/strong>\u2013 Des textes de fiction courts : micronouvelles ou histoires compl\u00e8tes avec une chute, sc\u00e8nes coup\u00e9es de romans en cours&#8230;<\/li><li><a rel=\"noreferrer noopener\" aria-label=\"Illustrations (s\u2019ouvre dans un nouvel onglet)\" href=\"https:\/\/florieteller.com\/bribes\/category\/illustrations\/\" target=\"_blank\"><strong>Illustrations<\/strong><\/a> \u2013 Mes dessins \u00e0 l&rsquo;aquarelle ou \u00e0 l&rsquo;encre, des croquis ou pages de sketchbook, bruts ou finalis\u00e9s. Publi\u00e9s ici sous forme de photo mise en sc\u00e8ne ou de num\u00e9risation.<\/li><li><a rel=\"noreferrer noopener\" aria-label=\"Photographies (s\u2019ouvre dans un nouvel onglet)\" href=\"https:\/\/florieteller.com\/bribes\/category\/photographies\/\" target=\"_blank\"><strong>Photographies<\/strong><\/a><strong> <\/strong>\u2013 Une s\u00e9lection de clich\u00e9s que j&rsquo;ai pris et retouch\u00e9s moi-m\u00eame avec un but de recherche cr\u00e9ative ou de capture des joies minuscules de la vie&#8230;<\/li><\/ul>\n\n\n\n<h2>Bribes \u00e0 th\u00e8me<\/h2>\n\n\n\n<p>Si la majorit\u00e9 des bribes sont spontan\u00e9es, certaines s&rsquo;inscrivent dans le cadre de projets ou d\u00e9fis artistiques pr\u00e9cis :<\/p>\n\n\n\n<ul><li><a rel=\"noreferrer noopener\" aria-label=\"24 saisons (s\u2019ouvre dans un nouvel onglet)\" href=\"https:\/\/florieteller.com\/bribes\/tag\/24-saisons\/\" target=\"_blank\"><strong>24 saisons<\/strong><\/a><strong> <\/strong>: bribes autour de la micro-saison en cours, dans le cadre du <a href=\"https:\/\/florieteller.com\/24saisons\/\" target=\"_blank\" rel=\"noreferrer noopener\">projet 24 saisons<\/a> commenc\u00e9 en janvier 2020<\/li><li><a rel=\"noreferrer noopener\" aria-label=\"Micronouvelles 2018 (s\u2019ouvre dans un nouvel onglet)\" href=\"https:\/\/florieteller.com\/bribes\/tag\/micronouvelles-2018\/\" target=\"_blank\"><strong>Micronouvelles 2018<\/strong><\/a> : 52 textes de microfiction \u00e9crits dans le cadre du projet Bradbury en 2018, inclut le d\u00e9fi Writober 2018 &#8211; un texte par jour pendant le mois d&rsquo;octobre \u2013 <a rel=\"noreferrer noopener\" aria-label=\"pr\u00e9sentation du projet (s\u2019ouvre dans un nouvel onglet)\" href=\"https:\/\/florieteller.com\/bribes\/52-micronouvelles-en-2018\/\" target=\"_blank\">pr\u00e9sentation du projet<\/a><\/li><li><a rel=\"noreferrer noopener\" aria-label=\"Archives (s\u2019ouvre dans un nouvel onglet)\" href=\"https:\/\/florieteller.com\/bribes\/tag\/archives\/\" target=\"_blank\"><strong>Archives<\/strong><\/a><strong> <\/strong>: publications de bribes pass\u00e9es pour montrer l&rsquo;\u00e9volution de ma voix sur plus d&rsquo;une d\u00e9cennie (l&rsquo;ann\u00e9e de cr\u00e9ation est not\u00e9e dans chaque article), avec \u00e9ventuel ajout d&rsquo;impressions actuelles \u2013 <a rel=\"noreferrer noopener\" aria-label=\"pr\u00e9sentation du concept (s\u2019ouvre dans un nouvel onglet)\" href=\"https:\/\/florieteller.com\/bribes\/bribes-darchive\/\" target=\"_blank\">pr\u00e9sentation du concept<\/a><\/li><\/ul>\n\n\n\n<div class=\"wp-block-image imgctr\"><figure class=\"aligncenter\"><img loading=\"lazy\" width=\"10\" height=\"20\" src=\"https:\/\/florieteller.com\/bribes\/wp-content\/uploads\/sites\/4\/2020\/03\/logo-trinoirs.png\" alt=\"\" class=\"wp-image-157\"\/><\/figure><\/div>\n\n\n\n<p class=\"has-text-align-center\"><em>Encore un grand merci de votre pr\u00e9sence ici et belle exploration \u2728<\/em><\/p>\n","protected":false},"excerpt":{"rendered":"<p>Depuis la page d&rsquo;accueil, vous pouvez d\u00e9couvrir les bribes dans l&rsquo;ordre chronologique: elles y sont m\u00e9lang\u00e9es dans un joyeux bazar pour un aper\u00e7u de ce qui me traverse l&rsquo;esprit au &hellip;<\/p>\n","protected":false},"author":1,"featured_media":865,"parent":0,"menu_order":0,"comment_status":"closed","ping_status":"closed","template":"","meta":[],"_links":{"self":[{"href":"https:\/\/florieteller.com\/bribes\/wp-json\/wp\/v2\/pages\/381"}],"collection":[{"href":"https:\/\/florieteller.com\/bribes\/wp-json\/wp\/v2\/pages"}],"about":[{"href":"https:\/\/florieteller.com\/bribes\/wp-json\/wp\/v2\/types\/page"}],"author":[{"embeddable":true,"href":"https:\/\/florieteller.com\/bribes\/wp-json\/wp\/v2\/users\/1"}],"replies":[{"embeddable":true,"href":"https:\/\/florieteller.com\/bribes\/wp-json\/wp\/v2\/comments?post=381"}],"version-history":[{"count":17,"href":"https:\/\/florieteller.com\/bribes\/wp-json\/wp\/v2\/pages\/381\/revisions"}],"predecessor-version":[{"id":880,"href":"https:\/\/florieteller.com\/bribes\/wp-json\/wp\/v2\/pages\/381\/revisions\/880"}],"wp:featuredmedia":[{"embeddable":true,"href":"https:\/\/florieteller.com\/bribes\/wp-json\/wp\/v2\/media\/865"}],"wp:attachment":[{"href":"https:\/\/florieteller.com\/bribes\/wp-json\/wp\/v2\/media?parent=381"}],"curies":[{"name":"wp","href":"https:\/\/api.w.org\/{rel}","templated":true}]}}